u(t) = -16*t**2 - t - 4. Give u(v).
-66
Suppose -5*o - 4*j = -50, 4*j + 20 = 5*o + 10. Let x(y) = -y**2 + 3*y - 3. What is x(o)?
-21
Suppose -5*f + 35 - 10 = 0, 3*s + f - 20 = 0. Let u(a) = -a**2 - 6*a + 9. Let r be u(-7). Let p(v) = 6*v**r - v**3 + 4*v**3 + v - 4*v**3 - 4*v. Give p(s).
10
Let o(h) = 6 - 788*h + 390*h + 394*h - h**2. Determine o(-6).
-6
Suppose 2*q = 5*x - 9, 10*q - 11*q = 2*x. Let j(h) = -4*h**3 - 4*h**2 - 4*h + 1. Let w(c) = -2*c**3 - 2*c**2 - 2*c. Let a(l) = 2*j(l) - 5*w(l). Calculate a(q).
-10
Suppose -2*k - 16 = -4*v - 46, -v - 2*k = 0. Let u(m) = -m**3 - 7*m**2 - 7*m - 8. Give u(v).
-2
Let m(p) = -3*p + 3. Let j = 7 + -5. Suppose 3*q - 4*q = -a - 7, -a - 11 = -j*q. Give m(a).
12
Let u(c) be the third derivative of c**4/4 + 4*c**3/3 + 264*c**2. What is u(-4)?
-16
Let c(b) = 3*b**2 + 24*b - 29. Let t be c(-9). Let x(o) = -6*o - 12. Calculate x(t).
0
Let v = 34 + -30. Suppose -2*j + 0 = -v. Let u(t) = -2*t + j*t + 2*t**2 + 0*t. Determine u(-1).
2
Let l(r) = 21 - 3*r - r**2 - 15 - 11*r + 4*r. Calculate l(-7).
27
Let t(v) = -20*v + 44. Let y(i) = 7*i - 15. Let a(h) = 6*t(h) + 17*y(h). Let j be (5/((-15)/6))/(-1). Suppose -2*m = -2*u - 4, u + j*m + 2*m = 8. What is a(u)?
9
Let q be (-7 - 0)*12/(-14). Let n(w) = 7*w**2 + 2*w**3 - 16 - 7*w - 1 + 6 - 3*w**3 + 5. Give n(q).
-12
Let f = -2 - -4. Let b(r) = r - 19. Let i be b(23). Suppose 0 = -f*d + i*c - 30, 0*d - 10 = 5*d + 3*c. Let q(m) = 2*m**2 + 7*m + 2. Calculate q(d).
17
Suppose -7*f + 11 + 10 = 0. Let y(t) = t**2 - 2. Let w be y(2). Let g(z) = -2 + w + f + z - 3*z. Calculate g(4).
-5
Let h(m) = m**3 + 3*m**2 - 2*m + 8. Suppose -54*r = -58*r + 8, -3*r - 2 = 2*q. Calculate h(q).
0
Suppose 2*v = -13 + 43. Let d(b) = 2*b - 33. Give d(v).
-3
Let c = 38 - 30. Suppose m - c = -m. Let i(f) = -f**2 + 4*f - 6. What is i(m)?
-6
Let s(v) = -v**3 + 6*v**2 - 4*v + 21. Let j be s(6). Let w(g) = g**2 - 7*g - 16. Determine w(j).
14
Let q(n) = 0*n - 18 + 2 + n. What is q(8)?
-8
Let z(l) = l**3 - l**2. Let t(o) = -o + 7. Let c be t(7). Calculate z(c).
0
Let u(b) = -2*b + 2 - 9 - b + 8 - b**2. Determine u(-3).
1
Suppose 0 = 4*t - 4*d - 422 + 130, 154 = 2*t - 4*d. Let i = 75 - t. Let z(u) be the first derivative of u**4/4 - 5*u**3/3 - 7*u**2/2 + u + 1. What is z(i)?
-5
Let o(p) = 2 + 5 + 23*p + 22*p - 42*p. Determine o(-7).
-14
Let p(v) be the third derivative of v**6/120 - 3*v**5/20 - 7*v**4/24 - 10*v**3/3 - 2*v**2 - 112*v. Give p(10).
10
Let a(i) = -i - 6 + 2 - i**2 - 3*i. Suppose 3*f = 4*j + 2*f - 24, -3*f - 7 = j. Suppose -c - j + 2 = 0. Give a(c).
-1
Let d(b) = 7 - 17*b - 32 - 16*b + 36*b. Calculate d(10).
5
Suppose 2*q - 284 = 5*c, q - 3*q = 3*c + 164. Let l be (-59)/4 - (-14)/c. Let v = -17 - l. Let w(y) = 3*y. What is w(v)?
-6
Let v(g) be the second derivative of g**4/12 - g**3/2 + 11*g**2/2 + 344*g. Determine v(4).
15
Let n(l) = 15*l**2 + 2*l - 1. Let g be (-6)/(-4) - (-19)/(-38). Give n(g).
16
Let c = 114 - -25. Let p = 145 - c. Let l(v) = -v**3 + 6*v**2 + v - 6. Give l(p).
0
Let t(p) = 31*p**2 - p + 2*p - 81*p**2 + 24*p**2 + 25*p**2 - 1. Determine t(-6).
-43
Let r be (-50)/(-18) - 2/(-9). Suppose -n = r*n + 48. Let u be 3*(-3 - 44/n). Let o(i) = 3*i**3 - 3*i**2. Determine o(u).
12
Suppose 2*f = 2*r + 8, 4*r + f + 3*f = -40. Let u be (-9 - r)*(-6)/4. Suppose -4*p = 3*c - 17, -u*p + 3 = c - 6. Let h(i) = i**3 - 4*i**2 + 4*i. Calculate h(c).
3
Let k be (-2)/(-6)*(14 + -23). Let p(s) = 4*s - 1. What is p(k)?
-13
Let g(u) be the first derivative of u**4/4 + u**3 - 2*u**2 - u + 1. Suppose 0 = -16*z + 12*z - 176. Let m = z + 40. Calculate g(m).
-1
Let y(r) = 6*r - 5. Let g(c) = 3*c - 3. Let p(v) = -5*g(v) + 2*y(v). Let m(i) = -13*i + 0 + 12*i + 0 + 6*i**2. Let q be m(1). Determine p(q).
-10
Let l(k) be the third derivative of 7*k**5/60 - k**4/12 - k**3/6 + 11*k**2 - k. What is l(-1)?
8
Let b(m) = m**2 + m + 2. Let t(k) = k**2 + 2*k + 3. Suppose -2*i = -2*n, -i - 3 = 3*n - 19. Let x(y) = i*t(y) - 5*b(y). What is x(4)?
-2
Let h(w) = -4*w**2 - 3*w - 2. Suppose -4*s + 4 = -4. Let m = 5 - s. Let n(k) = 3*k**2 + 3*k + 2. Let y(x) = m*n(x) + 2*h(x). Calculate y(-4).
6
Let n(g) = -30*g**2 + 2*g + 25. Let c(o) = -20*o**2 + o + 16. Let v(d) = 8*c(d) - 5*n(d). Give v(2).
-41
Let y(u) = -u + 12. Let r be -26*((-9)/(-2))/(-9). Suppose -2 - r = -3*t. What is y(t)?
7
Let w(m) be the second derivative of 1/6*m**3 - 11/2*m**2 + 0 + 6*m. Suppose i - 2 = 5. Calculate w(i).
-4
Let n(p) = -p**2 - 4*p + 7. Let m be n(-6). Let l = -94 - -132. Let r(h) = -7 - l*h + 0*h**2 + 2*h**2 + 44*h. Calculate r(m).
13
Let h be (-3)/(3/4) - 37. Let z be (1 + -3)*(-39 - h). Let v(x) = x**3 + 5*x**2 + 5*x + 3. What is v(z)?
-1
Let x be 30/5 + (0 - -3). Suppose 33 = 6*m + 33. Suppose -5*v + x = 2*d, m*d + 3*v = 3*d - 3. Let t(y) = 2*y**2. Determine t(d).
8
Let h(m) = m**2 - 7*m - 4. Let y be h(8). Let n(t) = -11*t - 4 + 2*t - 3*t**2 + 2*t**2 - y. Calculate n(-8).
0
Let d(q) = q + 5. Let c be (2/4)/(13/(-286)). Give d(c).
-6
Let f(k) = -4*k + 9. Let w be 2/(-3)*(-63)/6. Suppose w*r = 3*r + 24. Give f(r).
-15
Let a be (-4)/5 - 6*(-36)/120. Let z(o) = -11*o**2 + o. Determine z(a).
-10
Let j = 27 + -24. Let w(s) = 6*s**2 + 2*s**3 - 5*s**3 + 9 + 4*s**j + 3*s. Let r(u) = -6*u. Let m be r(1). Give w(m).
-9
Suppose 2*p + 5 = 5*o - 3, 4*p = -4*o + 40. Suppose s + 1 = 3. Let c(w) = -3*w**2 - w**2 - 6*w**3 + 7*w**3 - 2*w**s + 1. Calculate c(p).
1
Let n be (1 - 1)*(-7 - 91/(-14)). Let y(x) be the second derivative of -1/6*x**3 + x + n + 2*x**2. Determine y(0).
4
Suppose 0*c - o = -2*c + 12, -4 = 2*o. Suppose -3*p - 9 = -6*f + 3*f, 0 = c*f - 3*p - 17. Let m(x) = x**3 - 3*x**2 - 6*x + 6. What is m(f)?
-2
Let t be (-16)/(-6) + -2 + (-44)/(-6). Let a(d) = 3*d - d**2 + 3 + 0*d - t + 6. Calculate a(3).
1
Suppose 0 = -c + 2*q - 3, 19 = -c + 3*c + q. Let x(t) be the first derivative of -t**2 + 4*t + 189. Give x(c).
-10
Let r be (-2 - (-1 + -5)) + 3/(-3). Let o be 0/(6/r) - -3. Let k(b) = -b**3 + 2*b**2 + 4*b - 4. What is k(o)?
-1
Let k be -4 - ((-102)/(-30) - 3)*-30. Let v(u) = -u**2 + 6*u - 5. Determine v(k).
-21
Let o = 19 - 24. Let u be (-5)/(-2)*(-48)/(-60). Let v(r) = -3*r - 2*r - r**u + 0*r**2. What is v(o)?
0
Let p be -1 - 2*(-6)/4. Let g(k) = -4 - 2*k**2 - 6*k - 3 - p*k**2 - k**3 - 2*k**2. Let h = 17 - 22. Give g(h).
-2
Let j(o) be the second derivative of o**3/2 + o**2/2 - o + 25. Let u(h) = -h. Let b be u(1). Determine j(b).
-2
Let j(u) = -u**2 + 7*u + 5. Let w(i) = -2*i**3 - 11*i**2 + 6*i + 4. Let k(l) = l. Let o be k(-6). Let v be w(o). Calculate j(v).
17
Let n(i) = 0*i**2 - 37 - 14*i**2 + 36 + 3*i - 2*i + i. Suppose -x - 5*k = -k - 13, 4*x - 3*k = -5. What is n(x)?
-13
Let r(g) = 4*g - 5. Suppose -b + 3*b = 3*o - 21, 2*b - 5*o + 23 = 0. Give r(b).
-41
Let h(f) = f**3 + 9*f**2 + 6*f - 18. Let s be (-10)/(-75) - (-122)/(-15). Determine h(s).
-2
Let m be (-2)/(-10) + -4*(-195)/3600. Let r(l) be the third derivative of 1/6*l**3 + 0 - m*l**4 + 3*l**2 + 0*l. Calculate r(1).
-9
Let x(n) = -17*n + 8. Let t(b) = -6*b + 3. Let d be 4/(-2)*2/3*-3. Let p(m) = d*x(m) - 11*t(m). Calculate p(-2).
3
Suppose 3*m + 15 = 3*j, 0*m - 5*j = 3*m - 9. Let z = m - 5. Let s(u) be the third derivative of u**5/60 + 5*u**4/24 - 5*u**3/3 + 25*u**2. What is s(z)?
4
Suppose 61 = -29*a + 148. Let f(m) be the first derivative of 4 + 0*m + 0*m**2 - 1/3*m**a - 2*m**4. Determine f(-1).
7
Let q(v) = 9*v + 11. Let x(p) = -p. Let n(b) = q(b) + 3*x(b). Let t(i) = -3*i - 5. Let f(c) = -3*n(c) - 7*t(c). What is f(9)?
29
Let b(q) = 0*q**2 + 2*q**2 + 0*q**2 + 2*q. Let m = -7874 - -7877. Calculate b(m).
24
Let g(n) = n**3 + 12*n**2 + n + 14. Let m be g(-12). Let f(t) = m - 5 + 3*t + 4 - 4. Suppose -2*q = -4*c + 6, -5*c + 10 = -3*q + 4. Determine f(q).
6
Let i(q) be the third derivative of q**4/8 + q**3/6 + 325*q**2. Let p(l) = -5*l - 3. Let f be p(-2). Let n = -3 + f. Determine i(n).
13
Let g(c) = -c**3 - 6*c**2 - 8*c - 2. Let n(h) = -h**3 - 6*h**2 - 7*h. Let w(s) = 3*g(s) - 4*n(s). Let v(u) = u + 4. Let x be v(-9). What is w(x)?
-1
Let t(l) = -l**3 + 6*l**2 - 7*l - 5. Let o(h) = 90*h + 544. Let i be o(-6). What is t(i)?
-1
Let k(z) = -z**3 - 6*z**2 + 6*z. Let w = -43 - -102. Suppose -11*c - 18 - w = 0. Determine k(c).
7
Let k be 1/((-5)/5) + 1. Suppose k*t - 4 = -t. Let n(y) 